{"id":297,"date":"2026-02-23T13:16:13","date_gmt":"2026-02-23T13:16:13","guid":{"rendered":"https:\/\/tiemhoaxinh.io.vn\/?post_type=product&#038;p=297"},"modified":"2026-02-23T13:16:13","modified_gmt":"2026-02-23T13:16:13","slug":"sen","status":"publish","type":"product","link":"https:\/\/tiemhoaxinh.io.vn\/?product=sen","title":{"rendered":"Sen"},"content":{"rendered":"<p data-start=\"35\" data-end=\"383\">\u00a0Hoa sen l\u00e0 bi\u1ec3u t\u01b0\u1ee3ng c\u1ee7a s\u1ef1 thanh cao, thu\u1ea7n khi\u1ebft v\u00e0 b\u00ecnh an trong v\u0103n h\u00f3a Vi\u1ec7t Nam.<\/p>\n","protected":false},"excerpt":{"rendered":"<div class=\"flex flex-col text-sm pb-25\">\n<article class=\"text-token-text-primary w-full focus:outline-none [--shadow-height:45px] has-data-writing-block:pointer-events-none has-data-writing-block:-mt-(--shadow-height) has-data-writing-block:pt-(--shadow-height) [&amp;:has([data-writing-block])&gt;*]:pointer-events-auto scroll-mt-[calc(var(--header-height)+min(200px,max(70px,20svh)))]\" dir=\"auto\" tabindex=\"-1\" data-turn-id=\"request-WEB:2a1b93bd-b078-4067-bc2c-b0a496c26322-7\" data-testid=\"conversation-turn-16\" data-scroll-anchor=\"true\" data-turn=\"assistant\">\n<div class=\"text-base my-auto mx-auto pb-10 [--thread-content-margin:--spacing(4)] @w-sm\/main:[--thread-content-margin:--spacing(6)] @w-lg\/main:[--thread-content-margin:--spacing(16)] px-(--thread-content-margin)\">\n<div class=\"[--thread-content-max-width:40rem] @w-lg\/main:[--thread-content-max-width:48rem] mx-auto max-w-(--thread-content-max-width) flex-1 group\/turn-messages focus-visible:outline-hidden relative flex w-full min-w-0 flex-col agent-turn\" tabindex=\"-1\">\n<div class=\"flex max-w-full flex-col grow\">\n<div class=\"min-h-8 text-message relative flex w-full flex-col items-end gap-2 text-start break-words whitespace-normal [.text-message+&amp;]:mt-1\" dir=\"auto\" data-message-author-role=\"assistant\" data-message-id=\"be7e948c-6905-4504-a03c-a9c2951528f2\" data-message-model-slug=\"gpt-5-2\">\n<div class=\"flex w-full flex-col gap-1 empty:hidden first:pt-[1px]\">\n<div class=\"markdown prose dark:prose-invert w-full wrap-break-word light markdown-new-styling\">\n<p data-start=\"0\" data-end=\"204\" data-is-last-node=\"\" data-is-only-node=\"\">B\u00f3 hoa sen mang v\u1ebb \u0111\u1eb9p thanh khi\u1ebft, nh\u1eb9 nh\u00e0ng v\u00e0 trang nh\u00e3. V\u1edbi h\u01b0\u01a1ng th\u01a1m d\u1ecbu nh\u1eb9 c\u00f9ng s\u1eafc h\u1ed3ng tinh t\u1ebf, b\u00f3 hoa sen l\u00e0 l\u1ef1a ch\u1ecdn \u00fd ngh\u0129a \u0111\u1ec3 l\u00e0m qu\u00e0 t\u1eb7ng ho\u1eb7c trang tr\u00ed, th\u1ec3 hi\u1ec7n s\u1ef1 b\u00ecnh an v\u00e0 thu\u1ea7n khi\u1ebft.<\/p>\n<\/div>\n<\/div>\n<\/div>\n<\/div>\n<div class=\"z-0 flex min-h-[46px] justify-start\"><\/div>\n<div class=\"mt-3 w-full empty:hidden\">\n<div class=\"text-center\"><\/div>\n<\/div>\n<\/div>\n<\/div>\n<\/article>\n<\/div>\n<div class=\"pointer-events-none h-px w-px absolute bottom-0\" aria-hidden=\"true\" data-edge=\"true\"><\/div>\n","protected":false},"featured_media":298,"comment_status":"open","ping_status":"closed","template":"","meta":[],"product_brand":[],"product_cat":[19],"product_tag":[],"class_list":{"0":"post-297","1":"product","2":"type-product","3":"status-publish","4":"has-post-thumbnail","6":"product_cat-chua-phan-loai","8":"first","9":"instock","10":"shipping-taxable","11":"purchasable","12":"product-type-simple"},"yoast_head":"<!-- This site is optimized with the Yoast SEO plugin v27.5 - https:\/\/yoast.com\/product\/yoast-seo-wordpress\/ -->\n<title>Sen - Ti\u1ec7m Hoa Xinh<\/title>\n<meta name=\"description\" content=\"B\u00f3 hoa r\u1ef1c r\u1ee1 t\u01b0\u01a1i \u0111\u1eb9p, thanh khi\u1ebft t\u1ea1i Ti\u1ec7m Hoa Xinh. Thi\u1ebft k\u1ebf tinh t\u1ebf, giao nhanh trong ng\u00e0y, gi\u00e1 t\u1ed1t, ph\u00f9 h\u1ee3p l\u00e0m qu\u00e0 t\u1eb7ng.\" \/>\n<meta name=\"robots\" content=\"index, follow, max-snippet:-1, max-image-preview:large, max-video-preview:-1\" \/>\n<link rel=\"canonical\" href=\"https:\/\/tiemhoaxinh.io.vn\/?product=sen\" \/>\n<meta property=\"og:locale\" content=\"vi_VN\" \/>\n<meta property=\"og:type\" content=\"article\" \/>\n<meta property=\"og:title\" content=\"Sen - Ti\u1ec7m Hoa Xinh\" \/>\n<meta property=\"og:description\" content=\"B\u00f3 hoa r\u1ef1c r\u1ee1 t\u01b0\u01a1i \u0111\u1eb9p, thanh khi\u1ebft t\u1ea1i Ti\u1ec7m Hoa Xinh. Thi\u1ebft k\u1ebf tinh t\u1ebf, giao nhanh trong ng\u00e0y, gi\u00e1 t\u1ed1t, ph\u00f9 h\u1ee3p l\u00e0m qu\u00e0 t\u1eb7ng.\" \/>\n<meta property=\"og:url\" content=\"https:\/\/tiemhoaxinh.io.vn\/?product=sen\" \/>\n<meta property=\"og:site_name\" content=\"Ti\u1ec7m Hoa Xinh\" \/>\n<meta property=\"og:image\" content=\"https:\/\/tiemhoaxinh.io.vn\/wp-content\/uploads\/2026\/02\/sen.jpg\" \/>\n\t<meta property=\"og:image:width\" content=\"600\" \/>\n\t<meta property=\"og:image:height\" content=\"600\" \/>\n\t<meta property=\"og:image:type\" content=\"image\/jpeg\" \/>\n<meta name=\"twitter:card\" content=\"summary_large_image\" \/>\n<meta name=\"twitter:label1\" content=\"\u01af\u1edbc t\u00ednh th\u1eddi gian \u0111\u1ecdc\" \/>\n\t<meta name=\"twitter:data1\" content=\"1 ph\u00fat\" \/>\n<script type=\"application\/ld+json\" class=\"yoast-schema-graph\">{\"@context\":\"https:\\\/\\\/schema.org\",\"@graph\":[{\"@type\":\"WebPage\",\"@id\":\"https:\\\/\\\/tiemhoaxinh.io.vn\\\/?product=sen\",\"url\":\"https:\\\/\\\/tiemhoaxinh.io.vn\\\/?product=sen\",\"name\":\"Sen - Ti\u1ec7m Hoa Xinh\",\"isPartOf\":{\"@id\":\"https:\\\/\\\/tiemhoaxinh.io.vn\\\/#website\"},\"primaryImageOfPage\":{\"@id\":\"https:\\\/\\\/tiemhoaxinh.io.vn\\\/?product=sen#primaryimage\"},\"image\":{\"@id\":\"https:\\\/\\\/tiemhoaxinh.io.vn\\\/?product=sen#primaryimage\"},\"thumbnailUrl\":\"https:\\\/\\\/tiemhoaxinh.io.vn\\\/wp-content\\\/uploads\\\/2026\\\/02\\\/sen.jpg\",\"datePublished\":\"2026-02-23T13:16:13+00:00\",\"description\":\"B\u00f3 hoa r\u1ef1c r\u1ee1 t\u01b0\u01a1i \u0111\u1eb9p, thanh khi\u1ebft t\u1ea1i Ti\u1ec7m Hoa Xinh. Thi\u1ebft k\u1ebf tinh t\u1ebf, giao nhanh trong ng\u00e0y, gi\u00e1 t\u1ed1t, ph\u00f9 h\u1ee3p l\u00e0m qu\u00e0 t\u1eb7ng.\",\"breadcrumb\":{\"@id\":\"https:\\\/\\\/tiemhoaxinh.io.vn\\\/?product=sen#breadcrumb\"},\"inLanguage\":\"vi\",\"potentialAction\":[{\"@type\":\"ReadAction\",\"target\":[\"https:\\\/\\\/tiemhoaxinh.io.vn\\\/?product=sen\"]}]},{\"@type\":\"ImageObject\",\"inLanguage\":\"vi\",\"@id\":\"https:\\\/\\\/tiemhoaxinh.io.vn\\\/?product=sen#primaryimage\",\"url\":\"https:\\\/\\\/tiemhoaxinh.io.vn\\\/wp-content\\\/uploads\\\/2026\\\/02\\\/sen.jpg\",\"contentUrl\":\"https:\\\/\\\/tiemhoaxinh.io.vn\\\/wp-content\\\/uploads\\\/2026\\\/02\\\/sen.jpg\",\"width\":600,\"height\":600},{\"@type\":\"BreadcrumbList\",\"@id\":\"https:\\\/\\\/tiemhoaxinh.io.vn\\\/?product=sen#breadcrumb\",\"itemListElement\":[{\"@type\":\"ListItem\",\"position\":1,\"name\":\"Trang ch\u1ee7\",\"item\":\"https:\\\/\\\/tiemhoaxinh.io.vn\\\/\"},{\"@type\":\"ListItem\",\"position\":2,\"name\":\"C\u1eeda h\u00e0ng\",\"item\":\"https:\\\/\\\/tiemhoaxinh.io.vn\\\/?page_id=45\"},{\"@type\":\"ListItem\",\"position\":3,\"name\":\"Sen\"}]},{\"@type\":\"WebSite\",\"@id\":\"https:\\\/\\\/tiemhoaxinh.io.vn\\\/#website\",\"url\":\"https:\\\/\\\/tiemhoaxinh.io.vn\\\/\",\"name\":\"Ti\u1ec7m Hoa Xinh\",\"description\":\"\",\"potentialAction\":[{\"@type\":\"SearchAction\",\"target\":{\"@type\":\"EntryPoint\",\"urlTemplate\":\"https:\\\/\\\/tiemhoaxinh.io.vn\\\/?s={search_term_string}\"},\"query-input\":{\"@type\":\"PropertyValueSpecification\",\"valueRequired\":true,\"valueName\":\"search_term_string\"}}],\"inLanguage\":\"vi\"}]}<\/script>\n<!-- \/ Yoast SEO plugin. -->","yoast_head_json":{"title":"Sen - Ti\u1ec7m Hoa Xinh","description":"B\u00f3 hoa r\u1ef1c r\u1ee1 t\u01b0\u01a1i \u0111\u1eb9p, thanh khi\u1ebft t\u1ea1i Ti\u1ec7m Hoa Xinh. Thi\u1ebft k\u1ebf tinh t\u1ebf, giao nhanh trong ng\u00e0y, gi\u00e1 t\u1ed1t, ph\u00f9 h\u1ee3p l\u00e0m qu\u00e0 t\u1eb7ng.","robots":{"index":"index","follow":"follow","max-snippet":"max-snippet:-1","max-image-preview":"max-image-preview:large","max-video-preview":"max-video-preview:-1"},"canonical":"https:\/\/tiemhoaxinh.io.vn\/?product=sen","og_locale":"vi_VN","og_type":"article","og_title":"Sen - Ti\u1ec7m Hoa Xinh","og_description":"B\u00f3 hoa r\u1ef1c r\u1ee1 t\u01b0\u01a1i \u0111\u1eb9p, thanh khi\u1ebft t\u1ea1i Ti\u1ec7m Hoa Xinh. Thi\u1ebft k\u1ebf tinh t\u1ebf, giao nhanh trong ng\u00e0y, gi\u00e1 t\u1ed1t, ph\u00f9 h\u1ee3p l\u00e0m qu\u00e0 t\u1eb7ng.","og_url":"https:\/\/tiemhoaxinh.io.vn\/?product=sen","og_site_name":"Ti\u1ec7m Hoa Xinh","og_image":[{"width":600,"height":600,"url":"https:\/\/tiemhoaxinh.io.vn\/wp-content\/uploads\/2026\/02\/sen.jpg","type":"image\/jpeg"}],"twitter_card":"summary_large_image","twitter_misc":{"\u01af\u1edbc t\u00ednh th\u1eddi gian \u0111\u1ecdc":"1 ph\u00fat"},"schema":{"@context":"https:\/\/schema.org","@graph":[{"@type":"WebPage","@id":"https:\/\/tiemhoaxinh.io.vn\/?product=sen","url":"https:\/\/tiemhoaxinh.io.vn\/?product=sen","name":"Sen - Ti\u1ec7m Hoa Xinh","isPartOf":{"@id":"https:\/\/tiemhoaxinh.io.vn\/#website"},"primaryImageOfPage":{"@id":"https:\/\/tiemhoaxinh.io.vn\/?product=sen#primaryimage"},"image":{"@id":"https:\/\/tiemhoaxinh.io.vn\/?product=sen#primaryimage"},"thumbnailUrl":"https:\/\/tiemhoaxinh.io.vn\/wp-content\/uploads\/2026\/02\/sen.jpg","datePublished":"2026-02-23T13:16:13+00:00","description":"B\u00f3 hoa r\u1ef1c r\u1ee1 t\u01b0\u01a1i \u0111\u1eb9p, thanh khi\u1ebft t\u1ea1i Ti\u1ec7m Hoa Xinh. Thi\u1ebft k\u1ebf tinh t\u1ebf, giao nhanh trong ng\u00e0y, gi\u00e1 t\u1ed1t, ph\u00f9 h\u1ee3p l\u00e0m qu\u00e0 t\u1eb7ng.","breadcrumb":{"@id":"https:\/\/tiemhoaxinh.io.vn\/?product=sen#breadcrumb"},"inLanguage":"vi","potentialAction":[{"@type":"ReadAction","target":["https:\/\/tiemhoaxinh.io.vn\/?product=sen"]}]},{"@type":"ImageObject","inLanguage":"vi","@id":"https:\/\/tiemhoaxinh.io.vn\/?product=sen#primaryimage","url":"https:\/\/tiemhoaxinh.io.vn\/wp-content\/uploads\/2026\/02\/sen.jpg","contentUrl":"https:\/\/tiemhoaxinh.io.vn\/wp-content\/uploads\/2026\/02\/sen.jpg","width":600,"height":600},{"@type":"BreadcrumbList","@id":"https:\/\/tiemhoaxinh.io.vn\/?product=sen#breadcrumb","itemListElement":[{"@type":"ListItem","position":1,"name":"Trang ch\u1ee7","item":"https:\/\/tiemhoaxinh.io.vn\/"},{"@type":"ListItem","position":2,"name":"C\u1eeda h\u00e0ng","item":"https:\/\/tiemhoaxinh.io.vn\/?page_id=45"},{"@type":"ListItem","position":3,"name":"Sen"}]},{"@type":"WebSite","@id":"https:\/\/tiemhoaxinh.io.vn\/#website","url":"https:\/\/tiemhoaxinh.io.vn\/","name":"Ti\u1ec7m Hoa Xinh","description":"","potentialAction":[{"@type":"SearchAction","target":{"@type":"EntryPoint","urlTemplate":"https:\/\/tiemhoaxinh.io.vn\/?s={search_term_string}"},"query-input":{"@type":"PropertyValueSpecification","valueRequired":true,"valueName":"search_term_string"}}],"inLanguage":"vi"}]}},"jetpack_sharing_enabled":true,"_links":{"self":[{"href":"https:\/\/tiemhoaxinh.io.vn\/index.php?rest_route=\/wp\/v2\/product\/297","targetHints":{"allow":["GET"]}}],"collection":[{"href":"https:\/\/tiemhoaxinh.io.vn\/index.php?rest_route=\/wp\/v2\/product"}],"about":[{"href":"https:\/\/tiemhoaxinh.io.vn\/index.php?rest_route=\/wp\/v2\/types\/product"}],"replies":[{"embeddable":true,"href":"https:\/\/tiemhoaxinh.io.vn\/index.php?rest_route=%2Fwp%2Fv2%2Fcomments&post=297"}],"wp:featuredmedia":[{"embeddable":true,"href":"https:\/\/tiemhoaxinh.io.vn\/index.php?rest_route=\/wp\/v2\/media\/298"}],"wp:attachment":[{"href":"https:\/\/tiemhoaxinh.io.vn\/index.php?rest_route=%2Fwp%2Fv2%2Fmedia&parent=297"}],"wp:term":[{"taxonomy":"product_brand","embeddable":true,"href":"https:\/\/tiemhoaxinh.io.vn\/index.php?rest_route=%2Fwp%2Fv2%2Fproduct_brand&post=297"},{"taxonomy":"product_cat","embeddable":true,"href":"https:\/\/tiemhoaxinh.io.vn\/index.php?rest_route=%2Fwp%2Fv2%2Fproduct_cat&post=297"},{"taxonomy":"product_tag","embeddable":true,"href":"https:\/\/tiemhoaxinh.io.vn\/index.php?rest_route=%2Fwp%2Fv2%2Fproduct_tag&post=297"}],"curies":[{"name":"wp","href":"https:\/\/api.w.org\/{rel}","templated":true}]}}